-14, -3*j + 21 = -g*i - 0. Determine d(i).
0
Let n(p) = 0*p + 736 - 752 - p. Give n(2).
-18
Let g = 649 + -480. Let n = -164 + g. Let j(w) = -2*w**2 + 4*w + 6. Determine j(n).
-24
Let k(t) be the second derivative of t + 1/12*t**4 + 0 + 1/2*t**3 + t**2. Let i be ((-4025)/1610)/(20/16 - 0). Calculate k(i).
0
Suppose -10 = -3*w + t - 3*t, 5*w - 2*t + 10 = 0. Let l(r) = r**3 - r**2 + r + 12. Let i be l(w). Let z(h) = -13 + 28 - 3*h - i + 7*h. Calculate z(-7).
-25
Let c(s) = -s**3 - 20*s**2 + 19*s - 33. Let x be c(-21). Let p = 9 - x. Let u(l) = -l**3 + l**2 + 2. Calculate u(p).
2
Suppose 3*l + 209 = -61. Let i be 468/l*20/(-8). Let w(h) = -h**3 + 13*h**2 + 18. What is w(i)?
18
Suppose 10*k + 3 - 3 = 0. Suppose -4*j - 32 + 52 = k. Let z(s) = -s**2 - 2*s + 2. Determine z(j).
-33
Suppose -38*i = 550 - 2830. Suppose 2*c + 3*c + i = -5*l, 4 = -l + c. Let r(d) = -2*d**2 - 18*d - 7. Calculate r(l).
9
Suppose 3 = u - 5. Let s be (-10)/(1 - 28/u). Let b(g) = 2*g**2 - 5*g + 12. Let t(a) = -3*a**2 + 8*a - 18. Let r(j) = 7*b(j) + 5*t(j). What is r(s)?
-2
Let v(h) be the third derivative of -h**5/60 - 11*h**4/24 - 2*h**3 - 22*h**2 - 41*h - 2. Give v(-6).
18
Let w = 390 + -397. Let a(f) be the second derivative of f**5/20 + 2*f**4/3 + 7*f**3/6 - 2*f + 39. What is a(w)?
0
Let l(y) = -y**3 - 11*y**2 + 10*y - 10. Suppose -p - 22 = 2*t - 4, 45 = -2*p - t. Let u be (p/(-2))/(21/(-21)). Give l(u).
14
Suppose 2*y + 130 = m + 369, -y = 2*m - 107. Let h = y - 113. Let w(v) = -v**3 + 4*v**2 + 4*v + 3. Determine w(h).
19
Let a(f) = -f**2 + 18*f + 15. Let r be a(18). Suppose v = 2*h - 23, -7*v + r = 3*h - 2*v. Let p(l) = 10*l + 13*l + 6*l - 1 - 30*l. Give p(h).
-11
Let y(u) = -19*u**2 + 6*u - 12. Let j be y(3). Let v = -171 - j. Let c(n) be the second derivative of -n**3/6 + n**2/2 + n. Give c(v).
7
Let i(v) = v**3 - 8*v**2 + 8*v + 3. Let z(f) = -32*f - 54. Let k(w) = -2*w + 1. Let s(x) = -5*k(x) + z(x). Let g be s(-3). Determine i(g).
10
Let o(m) = -m**3 - 6*m**2 - 3*m - 3. Let l be (-2 + (-18)/(-5))*(-15)/6. Let y be (((-16)/(-6))/l)/(8/(-24)). Let u be y/(-2)*51/17 - 3. Give o(u).
15
Let r(p) be the second derivative of -2*p**5/5 - p**4/4 + p**3/3 + p**2/2 + 1410*p. Determine r(2).
-71
Let j(t) = 0*t**3 - 3*t**3 - 4*t + 11*t**2 + 2*t**3 - 18 + 2 + 59. Determine j(11).
-1
Let q(w) = 3*w + 35. Let f be q(-11). Let a(j) = -j - 4083 + 4086 - j**f - 2*j**2 + j**3. Let s be ((-6)/5)/((-6)/15). Give a(s).
0
Let g(j) = j**2 + 29*j + 55. Let u = 981 - 1008. Determine g(u).
1
Let j(c) = c + 20. Let k be j(-20). Suppose k = 2*l + 3*l - 5. Let q(d) = -48*d**3 + 40*d**3 - 3 + 5 + d - l. What is q(-1)?
8
Let x(v) = 15 + 5 + 32*v**2 - 18*v**2 - 12*v**2 + 13*v. Let r(q) = -q**2 - 6*q - 9. Let m(t) = 9*r(t) + 4*x(t). Calculate m(-4).
-9
Let i = 14181 + -14179. Let v(m) be the second derivative of -m**3 - 1/20*m**5 - 15*m + 0 + 5/12*m**4 + i*m**2. Determine v(4).
-4
Let p(y) = 18*y + 7*y - 5 - 2*y + 7 - 7*y. Let m(t) = -66*t - 8. Let i(u) = 2*m(u) + 9*p(u). Give i(-2).
-22
Suppose -3*m - 5 + 2 = 0. Let f(w) be the first derivative of -29*w**2/2 + 536. Give f(m).
29
Suppose -1047 = 168*c - 207. Let o(n) = n**2 + 16*n + 6. Determine o(c).
-49
Let r(v) = v**2 + 22*v + 7. Let n be (-8)/(-132)*-3 + (-1 - (-1145)/(-55)). What is r(n)?
7
Suppose -5*w - 67 + 82 = 0. Let g(b) = -b**2 - w*b + 9*b + 3*b**2 + b. Determine g(-5).
15
Let v be (-2)/((-4)/3*((-63)/24 + 3)). Let c(l) be the third derivative of 1/2*l**3 + 0*l + 0 + 4*l**2 - 3/8*l**v. Calculate c(2).
-15
Let k(y) = 5*y. Let l(f) = 42*f + 9. Let w be l(4). Suppose 0 = -5*c + 25, -6*m + 2*m = c - w. Let g = m + -42. Determine k(g).
5
Let q(g) = 61 + 70*g - 228*g + 73*g - 176 - 210. Determine q(-4).
15
Let b = 7 - 5. Let r(c) = 1 + 2*c**2 - 4*c - c**b - 2*c. Suppose 4*g - g = -9, 9 = -q - 5*g. Determine r(q).
1
Let c(y) = -2*y**2 - 6*y + 6. Let h be -5*31/(-155)*(0/(-2) + 1). Determine c(h).
-2
Let r(u) = u**2 - 6*u - 4. Let k(v) = 2*v - 20. Let f be k(-4). Let l(b) = 2*b**2 + 55*b - 26. Let h be l(f). Let q be (-14)/(-6)*3 - h. Determine r(q).
-9
Let i = -1 + -2. Let u(k) = -25*k**2 + 28*k**2 - 1 - 13*k + 14*k. Let g(x) = -22*x**2 - 4*x + 8. Let l(o) = g(o) + 8*u(o). Determine l(i).
6
Suppose 4*m + 0*m + 64 = 2*h, 5*m = -3*h + 96. Let w(x) = h + 6*x - 17 - 7*x - 9. Calculate w(4).
2
Let q(o) = o**3 + 6*o**2 + o + 8. Let x be q(-6). Let g(j) = -15127*j - 5 + 6 + 15130*j - 5*j**2 + 3. Determine g(x).
-10
Let g(v) = -8*v - 57. Let x be (-4)/(-6) + ((-390)/72)/((-15)/(-24)). Determine g(x).
7
Let a(u) = 1305319*u - 1305320*u + 4*u**2 - 1 + 3. Determine a(1).
5
Let p be 10643/(-1468) - 159/(-12). Let v(i) = i - 18 + 6*i - 4*i. Give v(p).
0
Suppose -4*n + n = 3. Let l(m) be the third derivative of 7/60*m**5 + 0 + 0*m**4 - 4*m - 16*m**2 - 1/6*m**3. What is l(n)?
6
Let z(v) be the first derivative of v**3/3 + 2. Let g(r) = 15*r**2 - 3141*r + 1250. Let f be g(209). What is z(f)?
16
Let i(f) = 5*f + 1. Let w(a) = -a**2 - 30*a - 8. Let y be w(-31). Let o be y/15 - -1 - 46/115. Determine i(o).
-9
Let q(k) = 14*k + 102. Let x = 23631 - 23638. What is q(x)?
4
Suppose 2*i = -2*r + 8, 11 = 4*r - 2*i - 5. Let c(f) be the third derivative of f**6/120 - f**5/15 - f**4/8 + 4*f**3/3 + 915*f**2. Give c(r).
-4
Let f(t) = -t**3 - 26*t**2 - 46*t + 51. Let u(o) = -3*o**3 - 12*o**2 + 13*o + 28. Let c be u(-4). Calculate f(c).
3
Let w(d) = -10*d + 573*d**2 - 1154*d**2 + 6 - 3 + d**3 + 575*d**2. Suppose i - 45 = -5*v + 3*i, -3*i = 15. Calculate w(v).
-18
Let l(o) = 326*o + 41. Let b(m) = -1568*m - 204. Let w(g) = 5*b(g) + 24*l(g). What is w(-9)?
108
Let x(w) = -w + 4. Suppose -60*d = -59*d - 16. Suppose d = -4*y, 3*z + z = -y - 4. Give x(z).
4
Let n be (-266 - -258)*1/1. Let c(i) = -i**3 - 6*i**2 + 15*i + 17. Determine c(n).
25
Suppose 155*w - 109*w = 506. Let n(s) = -s**2 + 10*s + 24. Give n(w).
13
Let v be ((-1989)/(-195) - 11)*(0 - (-15)/(-3)). Let u(k) = 12*k**2 - 8*k + 9. Give u(v).
169
Suppose 4*i = -2*w + 54, 3*w = 28*i - 23*i - 62. Let s(k) = i*k**2 - 15*k + 0*k**2 + k**3 - 2*k**3 - 5*k**2 + 7*k**2. Calculate s(14).
-14
Let l(u) = -u**2 + 6*u + 6. Suppose -6*j - 3*j = -9. Let w be j/2*(5 + -7)*-6. Calculate l(w).
6
Let h(p) = 1137*p**3 - 2265*p**3 + 1130*p**3 + 2*p - 3 + 8*p**2. Determine h(-5).
-63
Let q(w) = 0*w + 3*w + 127 - 116 + 0*w. Determine q(-13).
-28
Let w = -37 + 47. Suppose l - 5 = w. Suppose -l*d - 30 = -10*d. Let i(b) = b**2 + 4*b - 7. Calculate i(d).
5
Let i(s) = -s**2 - 8*s - 13. Let j(t) = -9*t - 11. Let l(m) = -2*i(m) + 3*j(m). Determine l(0).
-7
Let m(a) be the first derivative of a**4/4 - 10*a**3/3 + 7*a**2/2 + 8*a + 4106. What is m(7)?
-90
Let w be -3 - (16/2)/(6/(-3)). Let s(q) = -234*q + q**2 - 235*q + w + 473*q. Give s(-4).
1
Let x(q) = -3*q**2 + 33*q + 14. Let n = 23573 - 23562. Give x(n).
14
Let c(b) = b**2 - 6*b + 2. Suppose 0 = 5*o + 2*p - 32, -114*o + 4*p = -119*o + 34. Determine c(o).
2
Let w be (-1)/(940/236 - 4). Suppose 0 = -18*k + 5 - w. Let s(p) be the first derivative of 3*p**2/2 + 2*p - 2. Give s(k).
-7
Let h be 44/11*9/4. Let a be -1 + 0 - (h + -11). Let v(n) = 13*n**2 - n + 1. Give v(a).
13
Let k(z) = 686*z - 2067*z + 694*z - 6 + 691*z. What is k(4)?
10
Let d = 121 + -114. Suppose -2*k + 5*n + 7 = 0, -d*k - n = -6*k. Let o(m) be the second derivative of -9*m**5/20 - m**3/6 + 2*m. Calculate o(k).
-10
Suppose 67 = 4*h + 3*r, 0 = -3*h + h - 2*r + 34. Let n(m) = -m**3 + 16*m**2 + 4*m - 22. Give n(h).
42
Suppose -52 - 42 = 94*w. Let f(m) = -13*m**3 + 2*m**2 + 5*m + 2. Give f(w).
12
Let b = 0 - 44. Let w = -42 - b. Let u(o) = 4 + w*o - o - 7. Give u(5).
2
Suppose 72 - 12 = 3*a. Let s be (22 - a)*-1*5. Let n be ((-12)/s)/((-27)/135). Let v(t) = -t**3 - 7*t**2 - 6*t - 6. Calculate v(n).
-6
Suppose -4*r + 2*n + 32 = 0, n = -41*r + 38*r + 39. Let g(f) = -f**3 + 9*f**2 + 21*f + 21. Give g(r).
10
Suppose 0 = -25*o - 29*o + 50*o - 80. Let i(u) = -4*u - 86. Give i(o).
-6
Let v(s) = -s**2 + 11*s - 13. Suppose 5*x + 2228 = -4*d, -8*x + 7*x = 2*d + 1114. Let a = d + 567. Give v(a).
-3
Let c(t) be the second derivative of 3*t**5/4 + t**4/12 + t**3/6 + t**2/2 + 984*t. Determine c(-1).
-14
Let j(i) = -i + 8. Suppose 4 = -f, 0 = 5*y + 5*f - 3*f - 1307. Let u = 268 - y. Calculate j(u).
3
Let b(o) = o - 9. Suppose 455*n = -z + 454*n + 13, 4